*w + 9 = -y*w. What is the hundreds digit of j?
5
Let k(f) = 2*f**3 + 114*f**2 + 43*f + 19. What is the tens digit of k(-55)?
5
What is the tens digit of (-55)/(-2)*(87240/(-75))/(-4)?
9
What is the tens digit of 6597 + (7 + -6 - 3)?
9
Let g(h) = -1010*h + 4. Let q be g(-4). Suppose 1698 + q = 9*k. What is the tens digit of k?
3
Suppose 0 = 4*y + 3*s - 12, -3 - 12 = -5*y + 5*s. Suppose -y*a + 3*j = 897, 3*j + 2*j - 25 = 0. Let x = -163 - a. What is the hundreds digit of x?
1
Let g(b) = -24*b + 35. Suppose -c + 9*c = -72. What is the hundreds digit of g(c)?
2
Let o(h) = -5*h + 13. Let p be o(-4). Suppose 5*x - 2*b = 14 + p, -5*x - 3*b = -42. Let c(l) = -l**3 + 11*l**2 - 12*l + 6. What is the units digit of c(x)?
0
Suppose -7*u - 55528 = -11*u + 151888. What is the thousands digit of u?
1
Suppose -2*g + 74 = u, -16*u + 19*u + 3*g = 225. What is the tens digit of u?
7
Let g = 61 - 59. Let o be (-9)/(-72)*28*g*1. Suppose -o*m + 44 = -208. What is the units digit of m?
6
Let h(v) = 5217*v. Let d be h(1). Suppose 0 = -5*w + 3*g + g + d, -2*w + 2076 = 2*g. What is the hundreds digit of w?
0
Suppose -8*t + 5*t + 26 = -o, 3*o = 12. Let q be 5/t + 514/4. What is the units digit of (48/(-36))/((-2)/q)?
6
Let m(y) = 279*y**3 - 17*y**2 + 51*y + 29. What is the ten thousands digit of m(4)?
1
Let j be (11 - 3) + (6/(-3) - -2). Suppose -112 = -j*n + 2760. Let o = -191 + n. What is the units digit of o?
8
Let w(j) = j**3 - 4*j**2 - 6*j + 9. Let a be w(5). Let f be (6/a)/((-6)/(-416)). Suppose -r + f = r. What is the tens digit of r?
5
Let c = 14838 + -5997. What is the units digit of c?
1
Suppose 2*o + 2*h - 14520 = 0, 5*o = 2*h + 20071 + 16180. What is the hundreds digit of o?
2
Suppose 53*g = 1498661 - 220354. What is the ten thousands digit of g?
2
Suppose -5*d = 3*g - 32, -7*g = -2*g - 20. Suppose -d*w + 71 = 4*n + 391, w + 160 = -2*n. Let q = n + 90. What is the units digit of q?
0
Let f be ((-14)/3)/(-5 - (-10722)/2142). Let v = 1291 + f. What is the hundreds digit of v?
4
Let i be 321/15 + 6/10. Suppose -i*h + 23*h = 2. Suppose -5*v + 168 = h*z - 264, -2*z + 412 = -5*v. What is the tens digit of z?
1
Suppose -40390 = -821*g + 813*g - 7710. What is the tens digit of g?
8
Suppose 0 = -48*g + 17*g + 277419. What is the units digit of g?
9
Suppose 4*x - 39 - 17 = 0. Let k be ((-18)/x + 1)/(8/(-56)). What is the tens digit of 3/(-6)*k + 78?
7
Let r = 345 + -603. What is the units digit of (30/2)/(3 + 772/r)?
5
Let s(a) = 39*a**3 - 3*a**2 + 36*a + 23. What is the tens digit of s(5)?
0
Let y(i) = 6*i**2 - 2*i - 3. Let c be y(-1). Suppose 0 = 5*h + 2*a - 145 - 137, -5 = -c*a. What is the tens digit of h?
5
Let c(w) = -64*w**2 + w + 43. Let u(i) = -32*i**2 + i + 22. Let d(q) = -3*c(q) + 5*u(q). What is the tens digit of d(-5)?
7
Let w(l) = -2299*l + 587. What is the thousands digit of w(-4)?
9
Let m(w) = 76*w - 11. Let v(f) = -76*f + 11. Let o(l) = -3*m(l) - 2*v(l). What is the units digit of o(-3)?
9
Suppose -f + 971 + 1493 = 0. What is the hundreds digit of f?
4
Suppose -3*o - 631 = -2*v, 0 = -v + 2*o + 37 + 276. What is the units digit of v?
3
Let w be -1 - (2/(-10) + 1501/(-95)). Suppose w*y - 824 = 25276. What is the tens digit of y?
4
Let d be (2 + -4)*3/2 + 27891. Suppose 2*s = 23*s - d. What is the units digit of s?
8
Suppose -268*p + 270*p = -586. Let h = 417 + p. What is the hundreds digit of h?
1
Let z(j) = j**3 + 3*j**2 - 5*j - 8. Let d be 9/(-30)*14 - 1/(-5). Let g be z(d). What is the units digit of g/2 + (-16 - -119)?
1
Let w = 25313 + -10038. What is the units digit of w?
5
Suppose -1231*r + 1229*r + 50100 + 62922 = 0. What is the thousands digit of r?
6
Let m(y) = -97*y**3 + 2*y**2 - 5*y - 1. Let o be m(2). Let s = o - -1123. What is the units digit of s?
4
Let o(p) = p**2 - 19*p + 6. Let f be o(19). Suppose 2*d - 286 = -l, -4*d = -f*d - 4. Suppose -22 = -4*m + l. What is the units digit of m?
8
Suppose d + 280 = 8*d. Let j = d + 707. What is the hundreds digit of j?
7
Let s(m) = 30*m - 18. Let y be s(17). Suppose 9*l - 6*l - y = 0. What is the hundreds digit of l?
1
What is the hundreds digit of 632490/125 - 72/(-900)?
0
Let t be (1 - -2) + 3 - 0. Let i be (4/(-6))/((-4)/t) - 187. Let o = -107 - i. What is the tens digit of o?
7
Let v be -5 - (-1)/(6 - 5). Let x(p) = -22*p + 54. What is the hundreds digit of x(v)?
1
Let t(h) = h**2 - 351*h + 10904. What is the units digit of t(0)?
4
Let u(q) = -4*q**2 - 6*q**2 + 2*q + 16*q**2 + 324 - 4*q**2. What is the tens digit of u(0)?
2
Let n(g) = g**3 - 18*g**2 - 15*g - 268. Suppose -18*l - 4 = -14*l, 4*x - 2*l = 90. What is the hundreds digit of n(x)?
3
Suppose 26*g + 57*g = -95 + 1506. Suppose 3*h - 4*h = 0. Suppose h = 5*w - 3 - g. What is the units digit of w?
4
Let z(q) = 1568*q - 2325. What is the ten thousands digit of z(41)?
6
Suppose -233*w + 2901731 + 6421298 = 0. What is the hundreds digit of w?
0
Let u be ((-3)/(-5))/(1/5). Suppose u*g - 857 = 688. What is the units digit of 3/(-1 + g/500)?
0
Let s = 80 + -74. Let z(c) = -3*c - 4*c - 3*c + s + 9. What is the units digit of z(-9)?
5
Let v(x) = 0 + 6*x + 3 + 1 - 6. Let c(r) = -r**2 + 4*r + 9. Let d be c(3). What is the tens digit of v(d)?
7
Let u be (3 - 248 - -4)*-43 + 5. Suppose 119*v + u = 127*v. What is the units digit of v?
6
Suppose 24 + 6 = 10*a. Suppose -4*g + 4*u = a*u - 902, -4*u + 234 = g. What is the hundreds digit of g?
2
Let w be ((-7)/2 + -1)/((-1)/6). Let j be -1 + -1 + (-8)/((-24)/w). What is the units digit of (0 + -111)*j/((-21)/2)?
4
Let f(h) = 2*h**2 + 30*h + 105. Let r be f(-6). Let x = 411 - r. What is the tens digit of x?
1
Suppose 4*d + 20 = -0*d, -3*d - 27 = -4*r. Suppose 607 = -r*u + 4174. What is the hundreds digit of u?
1
What is the thousands digit of 174141/36 + (2 - 9/4)?
4
Suppose 13*g - 7*g = 8778. Let l = g + -848. What is the tens digit of l?
1
Let j be (14/(-7))/((-3)/(-1 + 4)). What is the units digit of 292/219 + j/((-12)/(-11386))?
9
Let j = 2572 - 1033. What is the tens digit of j?
3
Suppose 45*m - 511989 = 1484436. What is the hundreds digit of m?
3
Let f(y) be the second derivative of 9*y - 2*y**2 + 0 - 9/20*y**5 - 7/12*y**4 - 1/2*y**3. What is the units digit of f(-3)?
5
Let d = 4795 - -852. What is the units digit of d?
7
Let a(m) = -11*m + 44. Let x be a(3). Suppose -x*d = 6*d - 21998. What is the units digit of d?
4
Let u(h) = h**3 - 14*h**2 - h + 22. Let d be u(14). Suppose -5 = d*g - 21. Suppose g*t + 3*k = 503, 2*t + 9*k - 500 = 7*k. What is the tens digit of t?
4
Suppose -4*i + 165216 = -2*s, -414*s = -2*i - 419*s + 82632. What is the hundreds digit of i?
3
Let b(i) = -i**2 - 12*i + 5. Suppose -5 = 17*m - 209. Let y be (-136)/m - -1 - 4/6. What is the units digit of b(y)?
6
Let b = -126 - 38. Let n = b - -384. Suppose n = 2*o - 54. What is the units digit of o?
7
Let f be 5/(17/9 - 6/27). Suppose -822 = -2*k + 4*r, -402 = -3*k + f*r + 822. What is the tens digit of k?
0
Let r(q) be the second derivative of -q**5/120 + 41*q**4/6 + 2*q**3 + 4*q. Let y(b) be the second derivative of r(b). What is the units digit of y(0)?
4
Suppose -8622*d = -8610*d - 207288. What is the ten thousands digit of d?
1
What is the ten thousands digit of -1153*(-262)/22 + 24/(-132)*1?
1
Let o(q) = -q**3 + 6*q**2 - 6*q - 4. Let v be o(3). Suppose 5*g - 3*z + 120 = 2*z, v*z = -3*g - 32. What is the tens digit of g/4*(-3)/((-15)/(-20))?
1
Let k be ((168/(-5))/2)/((-12)/(-60)). Let q = 90 + k. Suppose -4*p + q*p - 18 = 0. What is the units digit of p?
9
What is the tens digit of (-3)/(1 + (-6969)/(-3486) + -19 + 16)?
8
Let f(t) = t**3 + 16*t**2 + 17*t + 35. Let a be f(-15). Suppose 2*u = a*u - 1812. What is the tens digit of u?
0
Suppose -3*h + 32456 = -2*z, -37*h - 43278 = -41*h + z. What is the units digit of h?
0
Suppose -43*r = 41930 - 2361780. What is the units digit of r?
0
Suppose 0 = -2*y + 51 - 43. Suppose 2*q + 3*i + 409 = 0, y*i + i - 185 = q. Let l = -100 - q. What is the hundreds digit of l?
1
Suppose 0 = -2*t + 4*q + 12 - 2, -3*t + q = -15. What is the hundreds digit of 1/(8/48) + t*118?
5
Let l be (-20)/4 - (-151822)/22. Suppose -5*b + 0*b - 3*d + 8613 = 0, 4*b = -d + l. What is the tens digit of b?
2
Let x be (-136)/32 + 4 + 571/(-4). Let s = 300 + x. What is the hundreds digit of s?
1
Let s(f) = 3*f + 8